. Let u = -27 + 38. Calculate the remainder when x is divided by u.
9
Let a(q) be the third derivative of -5*q**4/24 - 4*q**3/3 + 8*q**2. What is the remainder when 19 is divided by a(-4)?
7
Suppose 0 = 47*r - 31*r - 176. Calculate the remainder when r is divided by 2.
1
What is the remainder when 30 is divided by 28 + 2/4*-16?
10
Let a(u) = u**2 - 9*u - 6. Let x be a(9). What is the remainder when (-4 - x)*49*(-3)/(-6) is divided by 14?
7
Let c(o) = o**3 - 8*o**2 - 5*o - 2. Suppose 2*a - 6 = -0. Suppose -4*q + 9 = -a*q. What is the remainder when c(q) is divided by 19?
15
Let b = 37 - 32. Suppose -4*d + 133 = b. What is the remainder when d is divided by 9?
5
Let w(m) = m**3 + 6*m**2 - 21. Calculate the remainder when 41 is divided by w(-3).
5
Suppose 5*j = -c + 121, 5*j + 5*c - 77 = 2*j. Let s(h) = 3*h**2 - 19*h + 114. What is the remainder when s(5) is divided by j?
22
Suppose 48*p - 4360 + 808 = 0. What is the remainder when 225 is divided by p?
3
Let k be 6/(-2) + (19 - -8). Suppose 28*g - 116 = k*g. Calculate the remainder when g is divided by 10.
9
Let u = -57 + 107. Suppose 5*p + u = 165. Suppose 0 = -4*q + 3*t + 32, -2*q + 3*t + 16 = 5*t. What is the remainder when p is divided by q?
7
Suppose 13 = -2*i + x + 34, 2*x + 34 = 3*i. What is the remainder when 21 is divided by i?
5
Let f(m) = 3*m**2 + m - 7. Calculate the remainder when f(5) is divided by 301/56 + (-3)/8.
3
Suppose -3*o = o - 36. Suppose o*g - 197 = -71. What is the remainder when g is divided by 9?
5
Let i(w) = -10*w + 28. Calculate the remainder when 111 is divided by i(-3).
53
Let b = 1480 + -1353. Calculate the remainder when b is divided by 13.
10
Let d be -2 - 10/(-1) - 2/1. Let t(o) = 14*o + 28. What is the remainder when t(d) is divided by 29?
25
Let w be (-59)/(-2) + (-6)/(-4). Let q = 6 + 5. Calculate the remainder when ((-5)/(-2) + (-3)/2)*w is divided by q.
9
Suppose -4*h + 4*f + 1316 = 0, -4*f + f = 3. What is the remainder when h is divided by 55?
53
Let q(w) = -69*w + 357. What is the remainder when q(5) is divided by (2/1 + -3)*-8?
4
Suppose -19*s = -15*s - 128. Calculate the remainder when s is divided by 28.
4
Suppose b + u - 27 = 0, -5*b + 116 = -b + 2*u. Suppose 4*a - 194 = 2*a. Let f = a - b. Calculate the remainder when f is divided by 23.
20
Suppose 2*p + v - 22 = -2*v, 5*p = -3*v + 37. Calculate the remainder when 3 is divided by 0 + p + (-8 - -4).
0
Let n = -196 + 251. Calculate the remainder when n is divided by 37.
18
Let m(y) = 3*y - 16. Suppose -2*u = -5*p - 144 + 479, -2*p = 2*u - 120. Suppose -4*n + p = 5. Calculate the remainder when m(25) is divided by n.
14
Let h be (-8 + -2)*5/(-10). Suppose h*u - u = 20. Suppose 17 = -u*y + 92. Calculate the remainder when 28 is divided by y.
13
What is the remainder when 48 is divided by 1 + (-37)/(-2) - 4/8?
10
Let x(s) = s**2 + 2*s - 1. Let t = 38 - 33. Suppose -t*h = -5*m - 90, -h + 3*m = -19 + 1. What is the remainder when h is divided by x(2)?
4
Let f = 126 + -108. Let r = f + -3. What is the remainder when 27 is divided by r?
12
Let y(v) = v**2 - 7*v - 231. Let b be y(0). Let l = b + 238. Suppose 2*k - 1 = r, -4*r + 2*r + 8 = k. Calculate the remainder when l is divided by k.
1
Suppose l = 3*l - 8. Suppose 4 = b + 2, 4*b - 8 = l*t. Suppose -d = -t*d - 37. What is the remainder when d is divided by 10?
7
Let d(r) = 21*r - 292. What is the remainder when d(26) is divided by 70?
44
Calculate the remainder when (-2148)/3*(-8)/64*2 is divided by 77.
25
Suppose -u - d = 2*u - 73, 5*u - 2*d = 140. Let q be (2/4)/((-3)/(-12)). Calculate the remainder when u is divided by (-1)/1 + 16/q.
5
Calculate the remainder when -5*(692/(-20) + -2 + 0) is divided by 61.
0
Let f be 4/6*(-189)/(-9) - 1. Suppose -82 = -5*x + 4*o, 3*x - 67 = 4*o - f. What is the remainder when 46 is divided by x?
4
Let v(u) = -16*u - 2. Suppose 4*h - 139 + 27 = 0. Suppose -2*c = -166 + h. What is the remainder when c is divided by v(-1)?
13
Let s(z) = 13*z - 20 + 7*z - 45*z. Calculate the remainder when 216 is divided by s(-3).
51
Let p(s) = -4*s + 8. Suppose 0 = w + 2*w - 96. Let h be -1 + (-1)/(4/w). Calculate the remainder when p(h) is divided by 23.
21
Let a be (2 - -1) + (-2)/(-2). Suppose a*w - 3*w - 284 = -3*c, 0 = 3*c - 2*w - 287. What is the remainder when c is divided by 16?
15
Suppose 3*o = -5*m + 3, -8 = -4*m - o - 0. Suppose m*p = -2*p + 5*j + 190, 4*p - 5*j = 155. Calculate the remainder when 174 is divided by p.
34
Calculate the remainder when 481 is divided by ((-1798)/13)/(-2) + (-46)/299.
67
Let j(w) = -30*w - 3. Let l = -88 + 125. Calculate the remainder when j(-5) is divided by l.
36
Let g(a) = a**2. Let b(r) = 4*r**2 + 7*r + 4. Let f(j) = b(j) - 3*g(j). Let y be f(-7). Let u = 16 - y. Calculate the remainder when 46 is divided by u.
10
Let k(q) = -q**3 - 4*q**2 - 7*q - 15. Calculate the remainder when k(-5) is divided by 16.
13
Let y be 4/(-12) - 31/(-3). Let s(t) = t**3 - 7*t**2 - t + 9. Let c be s(7). Suppose c*u = 4*u - y. What is the remainder when 12 is divided by u?
2
Let c(p) = 3*p + 11. Let m(s) = -s**3 + 4*s**2 + 4*s - 7. Calculate the remainder when c(5) is divided by m(4).
8
Suppose 5*j + 16 = t + j, 4*t + 3*j = 26. Let l(w) = 5*w + 2*w - 6*w + 6 - 2*w. Calculate the remainder when t is divided by l(3).
2
Let k be (6 - 0) + 0 + -2. Suppose k = u + 3. Suppose -10 = -v + u. Calculate the remainder when 32 is divided by v.
10
Let a(u) = -u**3 - 2*u**2 + 2*u - 1. Calculate the remainder when a(-4) is divided by (8/12)/((-4)/(-54)).
5
Let k = -730 + 1032. Calculate the remainder when k is divided by 61.
58
Suppose 1616*l = 1641*l - 2250. What is the remainder when 223 is divided by l?
43
What is the remainder when (10*6/12 - -174) + -1 is divided by 60?
58
Calculate the remainder when (-2)/(-16) + 62/16 + 10 is divided by 2.
0
Suppose -2*z = 10, 2*j - 122 = -2*j - 2*z. Let r(s) = 4*s - 1. Calculate the remainder when r(16) is divided by j.
30
Suppose 4*w - 2898 = -10*w. Calculate the remainder when w is divided by 14.
11
Let r = 42 - 42. Let q(y) = 3*y + 2 + 11 - 4*y. What is the remainder when q(r) is divided by 4?
1
Let n = 60 - 20. Suppose -4*a = -2*a - v - n, -a + 14 = v. Calculate the remainder when 35 is divided by a.
17
Suppose -t = -2*t - 5, -l - 54 = 4*t. Let v = 103 + l. Suppose 3*p = -3*g + v, -5*g = 2*p - 0*p - 109. Calculate the remainder when 81 is divided by g.
18
Let h(r) = -8*r**3 + r. What is the remainder when (2/9 - (-360)/(-162)) + 57 is divided by h(-1)?
6
Let j = 24 - -17. Suppose -3*y - 2*y - 39 = 4*c, 3*c + 9 = 3*y. Let d = c - -27. Calculate the remainder when j is divided by d.
20
Let p = -2635 + 2680. Calculate the remainder when p is divided by (-1)/((-1)/16) - 0.
13
Suppose 26*g + 93 = 561. Suppose 213 = p + 2*p. Calculate the remainder when p is divided by g.
17
Suppose 0*i = 8*i - 112. What is the remainder when 17 is divided by i?
3
Let c(f) = f**3 - 3*f**2 - 6*f + 4. Let i(x) be the first derivative of 9*x**2/2 + 4*x + 17. What is the remainder when i(10) is divided by c(5)?
22
Let x = 5 - -1. Let r = x - -7. Let s = r - 8. Calculate the remainder when 19 is divided by s.
4
Suppose -29 + 93 = 8*d - 80. Let f = -104 - -156. Calculate the remainder when f is divided by d.
16
Suppose 4*w + 0*w + 2*b - 270 = 0, b = 3*w - 195. Let y be (-1)/1 - (-2 + 34). Let u = y + w. What is the remainder when u is divided by 9?
6
Suppose 31856 = 7*n + 37*n. Calculate the remainder when n is divided by 22.
20
Suppose -5*y = -25 - 0. Calculate the remainder when (64/80)/(1*(-4)/(-130)) is divided by y.
1
Let u = -685 + 740. What is the remainder when 494 is divided by u?
54
Calculate the remainder when 2/8 - (-4806)/72 is divided by 17.
16
Suppose -8*h = -7*h - 15. What is the remainder when 48 is divided by -1 - (h/(-5) - (1 - -8))?
4
Suppose 13*s - 3*s + 3020 = 0. Calculate the remainder when 57 is divided by s/(-15) + 20/(-150).
17
Let f(o) = -2*o - 7. Let z be f(-5). Suppose z*p - 7*p = -20. Let r(s) = -1497*s - 8969. Calculate the remainder when r(-6) is divided by p.
3
Suppose 4*u + 23 = -3*w + 152, 0 = 2*w + 4*u - 90. Calculate the remainder when 63 is divided by w.
24
Let s(n) = 42*n - 2. Let h be s(-1). Let k = h - -70. What is the remainder when k is divided by 15?
11
Let m be 0*((-2